65*w = 67*w + 11001, 10977 = 3*l + 2*w. List the prime factors of l.
3, 11, 37
Let w(s) be the first derivative of 49*s**3 + s**2/2 - 17. Let z be w(-1). Let y = z - 92. What are the prime factors of y?
2, 3
Let t(c) = c - 23. Let i be t(24). What are the prime factors of -307*i/(2 - 3) - 4?
3, 101
Suppose 12*r = -17 + 17. Suppose r = -2*f - 2, -j - 5*f = -92 - 65. List the prime factors of j.
2, 3
Suppose 14*t - 15*t = 11. List the prime factors of 1019/7 + -12*t/(-231).
5, 29
Let y = -111 + 71. Let i be -4 - -1 - -2 - y. Suppose -5*h + 80 = 5*x, 2*h = 3*x + 2*x + i. List the prime factors of h.
17
Let t(f) = -40*f + 1. Let q be t(0). Let y(d) be the third derivative of d**4/24 + d**3/2 - d**2. List the prime factors of y(q).
2
Let r(p) = p**2 - 8*p + 235. What are the prime factors of r(48)?
5, 431
Let h(q) = q**3 + 2*q**2. Let b = -23 + 25. Let n be h(b). Suppose 124 = 2*s - n. What are the prime factors of s?
2, 5, 7
What are the prime factors of (3 + 10/(-3))/((-111)/2140857)?
3, 2143
Let j(d) = 45*d + 110. Let x be j(-31). Let w = -825 - x. What are the prime factors of w?
2, 5, 23
Let m(a) = 7*a - 80. Let f be m(11). Let p(d) = -15*d**3 - 9*d**2 - 19*d. What are the prime factors of p(f)?
3, 127
Suppose -21499 = -3*s - 2*i, -s + 7167 = -66*i + 67*i. What are the prime factors of s?
5, 1433
Suppose 0 = -70*l + 229399 + 321361. List the prime factors of l.
2, 7, 281
Let c(g) = -127*g + 146. Suppose 7*t + 15 = -6. List the prime factors of c(t).
17, 31
Suppose 3*k - 161 = -y, k - y = 2*y + 47. Let b = -48 + k. Suppose 3*t - 2*p = 151, b*t + 0*p - 261 = p. What are the prime factors of t?
53
Suppose 82*s - 801081 = -238314 + 313321. List the prime factors of s.
2, 2671
Suppose -y + 310 = 5*j + 3*y, -j + 73 = 3*y. Let c = j + -53. Suppose 3*l - c*z = 226, 2*l = -3*z + 60 + 116. What are the prime factors of l?
2, 41
Let c = 18319 + -5182. What are the prime factors of c?
3, 29, 151
List the prime factors of (-5)/(-1) - 5 - (-64)/(-8) - -51831.
29, 1787
Let n(r) = 30*r + 10. Let z be n(2). Suppose 0 = -9*f + 14*f - z. List the prime factors of (-18)/(-63) - (-2362)/f.
13
Suppose a = 2*d + 24, 4*d + 81 = 4*a - d. Suppose -1016 = a*y - 18*y. List the prime factors of y.
2, 127
Let s(o) = 49*o + 2835. What are the prime factors of s(171)?
2, 3, 7, 89
Let m(l) = -66*l - 9. Let s = 335 + -343. What are the prime factors of m(s)?
3, 173
List the prime factors of 0 + -9 + (-39)/((-1599)/547063).
2, 59, 113
Let g(i) = -113*i - 135. Let x be g(-6). What are the prime factors of (-1810)/x*((-312)/(-10))/(-1)?
2, 13
What are the prime factors of (-1)/((-4)/(-2138))*(-48 - -24 - -2)?
11, 1069
Suppose -2*t - 40 = -2*l, 5*l = -3*t + 7*t + 95. Let z(n) = -n**3 + 18*n**2 - 44*n + 16. List the prime factors of z(l).
31
Suppose 2*n = -7*c + 12*c + 59159, n - 4*c = 29578. List the prime factors of n.
2, 7, 2113
Let r be 4/(-18) + (-260)/(-117). Let w be r/6 - ((-7592)/12 + 0). Suppose 33 = -5*l + w. List the prime factors of l.
2, 3, 5
Let u = -103 + 76. Let q = 97 - u. Let o = q - 41. What are the prime factors of o?
83
Suppose 17*a = 9*a + 93854 + 33586. What are the prime factors of a?
2, 3, 5, 59
Suppose 226 = 2*f - 234. Suppose 2124 = 5*r - 4*q, -3*r - f = q - 1518. List the prime factors of r.
2, 107
Let k = 601 - 607. Let w(l) be the second derivative of -5*l**3/3 - l**2 - l. List the prime factors of w(k).
2, 29
Let n(m) be the first derivative of m**4/4 + 5*m**2/2 + 3*m + 2. List the prime factors of n(7).
3, 127
Let n = 76 + -16. Let v = n + 76. List the prime factors of v.
2, 17
Let c = 40352 - 26187. List the prime factors of c.
5, 2833
Let h = -54099 + 78680. What are the prime factors of h?
47, 523
Suppose 2*b = 23*b - 147. Suppose b*n = 1011 + 1383. What are the prime factors of n?
2, 3, 19
Suppose t = -j, j - 2*t = -0*j. Let u(b) = -2*b - 139*b**2 + 68*b**2 + 88 + 72*b**2. What are the prime factors of u(j)?
2, 11
Let k = 131 - 129. Suppose 0*a + k*a = -2*y + 810, -399 = -y + a. List the prime factors of y.
2, 3, 67
Let v(r) = -r**2 + 33*r - 137. Let m be v(29). What are the prime factors of ((-48)/m)/(-4) + (-8950)/(-7)?
2, 3, 71
Let u(d) = 48*d**2 - 50*d - 990. List the prime factors of u(-36).
2, 3, 389
Let q = 9212 + -7425. What are the prime factors of q?
1787
Let v(x) = -21*x**3 + 19*x**2 + 16*x - 51. List the prime factors of v(-6).
3, 19, 89
Suppose -31*n + 30*n - 860400 = -121*n. What are the prime factors of n?
2, 3, 5, 239
Let f(l) = -l**3 + 7*l**2 + 6*l + 18. Let t be f(8). Suppose v + 3*u + 102 = -2*v, 4*v + t*u = -140. Let j = v + 45. List the prime factors of j.
3
Let a(q) = -q - 34. Let j be a(-23). Let l(b) = -4*b + 61. List the prime factors of l(j).
3, 5, 7
Let u(b) = 5 + 10 + 0 - 65*b + 127*b + 25*b**2 + 13*b**2 - b**3. What are the prime factors of u(39)?
2, 3, 19
Let b(j) = -j**3 + 24*j**2 - 83*j + 19. Let r be b(19). Let c = r + 1265. What are the prime factors of c?
2, 3, 7
What are the prime factors of ((-43726)/6)/(-9*(-17)/(-459))?
21863
Suppose -2*z + 22128 = -15*o + 12*o, 0 = z + 3*o - 11046. List the prime factors of z.
2, 3, 19, 97
Suppose 15*w = 18*w + 33. Let q = 61 + w. List the prime factors of q.
2, 5
Let p = -3320 - -14604. List the prime factors of p.
2, 7, 13, 31
Let g = -682 + 931. Suppose 0 = -g*u + 241*u + 3472. List the prime factors of u.
2, 7, 31
Let c(k) = k**3 - 35*k**2 + 34*k + 43. Let p be c(34). Let u(v) = 16*v - 126. List the prime factors of u(p).
2, 281
What are the prime factors of (-2)/30 - 42932131/(-1815) - 1?
7, 31, 109
What are the prime factors of (-14497)/(-436)*((-8)/(-12))/(1/156)?
2, 7, 13, 19
Suppose -6*w + 86 = -4*w. Let l = w + -38. Suppose -3*h = 2*h, -l*n = -5*h - 210. What are the prime factors of n?
2, 3, 7
Suppose -9*r + 2 = -11*r. What are the prime factors of (-4)/2*((-902)/4 - r)?
449
Let z(j) = -j**2 - 6*j + 3. Let x be z(-5). Let w(y) = -25 + 32*y + x + 2 - 22. List the prime factors of w(6).
5, 31
Let m(b) be the first derivative of -b**3/3 + 25*b**2 - 139*b + 137. What are the prime factors of m(13)?
2, 3, 19
Suppose -7696 = -5*y - 8*y. Let g = y + -162. List the prime factors of g.
2, 5, 43
Let d = -152 - -162. Let u be ((-2 - 0) + 0)/(d/(-1370)). Suppose -8*s + 2210 - u = 0. List the prime factors of s.
2, 11
Suppose 5*y - b - 87964 = 0, b = -546*y + 549*y - 52776. What are the prime factors of y?
2, 19, 463
Suppose -6736 = -4*r + 2*w - 1498, 3*w = 3. Let t = r - 927. What are the prime factors of t?
383
Let u(t) = 618*t**2 + 7*t - 8. Suppose 0 = 3*v + 4*c - 3, 3*v - 14*c - 3 = -12*c. What are the prime factors of u(v)?
617
Suppose 47*k + 4*u + 2346 = 52*k, u - 471 = -k. Suppose 5*x - 3*z - 3529 = 0, -x - 4*z + k = -245. List the prime factors of x.
7, 101
Let b be ((-5)/(-3))/(-3 - (-23)/6). Suppose -25 + 91 = b*f. List the prime factors of f.
3, 11
Let y(q) = -35*q**3 + 2*q**2 - q - 2. Let b(v) = -35*v**3 + 3*v**2 - 2*v - 1. Let o(w) = 2*b(w) - 3*y(w). What are the prime factors of o(2)?
2, 3, 47
Let s be 3/1 + 5/5. Suppose s*c = 5*c + 127. Let u = 184 + c. What are the prime factors of u?
3, 19
Suppose -33*a - 24685 - 385 = -38*a. List the prime factors of a.
2, 23, 109
What are the prime factors of 158792/28 + (-312)/273?
2, 3, 5, 7
Let o(f) = 19*f + 7. Let h(t) = -t**3 - 17*t**2 + 37*t - 16. Let r be h(-19). Suppose 2*y - 5*q + r = 0, 5*q - q = 2*y. What are the prime factors of o(y)?
11
Let r(f) = -f**2 - 2*f + 5. Let g be r(-11). Let o = g + 93. List the prime factors of 167 + -1 + -2 + -2 + o.
7, 23
Let y be 24656/(-6) + 3/9. Let d = -1602 - -1598. What are the prime factors of y/(-14) - 2/d?
2, 3, 7
Suppose 73*t = 766581 - 221052. What are the prime factors of t?
3, 47, 53
Let i = -4757 - -8966. What are the prime factors of i?
3, 23, 61
Suppose -8*n = -3*n - 2365. Suppose 3*o + q = 13, -93*o - 4*q = -96*o - 22. Suppose -o*k - 3*t = -6*k + 947, -t = -2*k + n. What are the prime factors of k?
2, 59
Suppose -4 = -9*u + 14. Suppose 0 = z + 5*v + 14, z + u*v + 14 = 2*z. Suppose 4*j = -5*a + 398, 2*j = z*j + a - 406. List the prime factors of j.
2, 3, 17
Let q(u) = 4*u + 9. Let a be q(-4). Let v(g) = g**2 + 3*g - 26. Let z be v(a). Suppose 3*o = 8*o - 5*k - 890, o + z*k - 166 = 0. List the prime factors of o.
2, 3, 29
Let k be (-90)/30*(1 + 0). What are the